e 2*v - 2 = 4*r + 4, 4*r - 5*v - 9 = 0. Let b be 29/5 + r/(-20). Suppose -j + b*j = 160. Calculate the highest common divisor of 4 and j.
4
Let y = -673 + 719. Calculate the greatest common factor of y and 851.
23
Suppose 232 = 3*k - k + 2*q, q - 356 = -3*k. What is the highest common factor of 24 and k?
24
Let f(d) = -d - 2. Suppose -18 = -2*j + 5*j. Let x be f(j). Suppose -h - o + 9 = -0*o, -4*h + 36 = -x*o. Calculate the greatest common factor of 72 and h.
9
Suppose -4*s + 68 + 28 = 0. Let p(o) = -o**2 + 4*o - 1. Let x be p(3). Suppose -x*t + 177 = -255. What is the highest common divisor of t and s?
24
Suppose -145*n + 149*n = h - 1697, -5*n = 3*h - 5108. What is the highest common divisor of h and 252?
63
Suppose 12 = y + 6. Suppose 3*j - 5*u - 72 = 59, -171 = -4*j + 3*u. What is the highest common factor of j and y?
6
Suppose -t - 3*t = 68. Let v = t - -68. What is the highest common factor of v and 17?
17
Let n(z) = 2*z**2 - 4*z + 40. Let r be n(-12). Calculate the highest common factor of 282 and r.
94
Suppose -7*c + 115 = -2*c. Suppose 0 = -7*l + 4*l. Suppose l*s = -5*s + 115. Calculate the greatest common factor of c and s.
23
Suppose -4 = 2*z - 6*z. Let j = z + 29. Suppose 7*g - 5*g - 35 = k, -2*g - 2*k = -20. What is the greatest common divisor of j and g?
15
Suppose 4*i = 16, u - 393 = -3*i + 11. Calculate the highest common divisor of u and 49.
49
Suppose -3*j - 6 = -6*j. Let t be ((-5)/10)/(2/(-16)). Suppose -2*m + 59 = 3*m + y, -t*y - 6 = -j*m. What is the greatest common factor of 11 and m?
11
Suppose -5*k - 4*t = -110, 4*k - 3*t = -4*t + 99. Calculate the highest common divisor of 4 and k.
2
Suppose -f = 5*q - 1381 - 1863, -f = -5*q + 3236. What is the highest common divisor of 567 and q?
81
Let o = -1507 + 1535. What is the greatest common factor of o and 812?
28
Let i = 118 + -114. Calculate the highest common factor of 10 and i.
2
Let o be (-1*1)/((-2)/(-18)). Let z be (o + 11)/((-2)/(-10)). Suppose 3*k - z = k. What is the greatest common factor of 45 and k?
5
Suppose -5*l = -l - 8. Suppose 163 = 16*t + 3. What is the highest common divisor of l and t?
2
Let n(z) = -z**3 + 6*z**2 + 7*z + 1. Let w be n(7). Suppose 3*k = -1 + 4. Suppose 0 - k = -l. Calculate the greatest common divisor of l and w.
1
Let a = 0 - -5. Suppose p - 47 - 29 = -5*s, a*p - 250 = s. Let y = p - 36. What is the greatest common divisor of 5 and y?
5
Let h = 9 + -6. Suppose 12 + h = 5*b. Let p be 128/(12/b) - 2. Calculate the greatest common divisor of 10 and p.
10
Suppose -3*c + 59 - 8 = -3*j, -j = -3*c + 19. Let t be j*(-7)/(84/9). What is the greatest common divisor of 20 and t?
4
Let x = 6 + 9. Suppose -60 = -x*m + 10*m. Calculate the highest common divisor of 48 and m.
12
Suppose -5*o + 10 = i - 21, 5*i - 5*o - 65 = 0. What is the greatest common divisor of i and 1744?
16
Let d = 57 - 85. Let l(w) = -w**2 + 13*w - 6. Let f be l(5). Let x = d + f. What is the highest common factor of 48 and x?
6
Let p(b) = 4*b**2 + 93*b - 24. Let u be p(-24). What is the greatest common divisor of 168 and u?
24
Let v be (-1778)/(-84) + (-15)/(-18). Let r = -21 - -43. What is the greatest common divisor of v and r?
22
Suppose -91 = -2*f + 93. Let p be 20/55 - (-8534)/187. What is the greatest common divisor of f and p?
46
Suppose 4 = -0*r + 2*r. Let j be r*3/24 + 1070/40. Calculate the highest common divisor of 81 and j.
27
Let y be 3*5 - (4 + -5 + 2). Suppose 5*m - 695 = -h, 0 = 8*h - 13*h - 25. Calculate the highest common divisor of y and m.
14
Let n be (-106)/(-1007) + 10446/38. Calculate the highest common factor of n and 75.
25
Let p(q) = 4*q**2 - 5*q + 21. Let b be (-1 - (-6 - -1)) + 2. Let c be p(b). Suppose -f - 4*f = -75. What is the greatest common divisor of c and f?
15
Let i = 298 + -109. Let m = -124 + i. Let y(b) = -2*b**3 + 3*b**2 + 3*b + 4. Let o be y(-2). What is the greatest common divisor of o and m?
13
Suppose 181*p + 5*i = 185*p - 1527, -3*i = -2*p + 765. What is the highest common factor of 270 and p?
54
Suppose 510 = -10*r + 12*r. Calculate the greatest common factor of 30 and r.
15
Suppose -272 = -2*i + 4*c, 3*i + 3*c - 408 = -0*c. Calculate the greatest common divisor of i and 34.
34
Let s(w) = -35*w + 7. Let f be s(-7). Let v be (5 + 0)*252/45. What is the highest common factor of v and f?
28
Suppose 5*m + 3*m - 112 = 0. Suppose -19 + 5 = -7*i. Suppose -4*x = i*t - 8, 2*x - 2*t = x + 2. Calculate the greatest common factor of m and x.
2
Suppose -11 = -3*b + 10. Suppose -4*v = 2*y + 14, 3*y - 3*v = y + b. Let j be (-645)/(-30) - y/(-2). What is the greatest common factor of j and 147?
21
Let d(m) = -m**2 + 9*m - 7. Let t be d(8). Let z be (-130)/30*(t/(-1) + -2). What is the greatest common divisor of z and 104?
13
Let y be 1/(2*1/(-30)). Let m = y + 22. Suppose m*n = n + 270. What is the highest common divisor of n and 18?
9
Suppose -4*w = -3*w. Let h(j) = -j + 13 + 0*j + w*j. Let a be h(9). What is the highest common divisor of a and 16?
4
Suppose 5*w = -2*x + 42, 13*x + 3*w = 15*x - 26. What is the greatest common divisor of 4528 and x?
16
Let x = 33 - 54. Let z be 22/77 - 582/x. What is the highest common factor of 140 and z?
28
Let h(n) = -n**3 + 14*n**2 + 19*n - 12. Let q be h(15). Let j be ((-1)/2)/((-2)/q). Calculate the greatest common factor of 3 and j.
3
Let d(j) = 14*j - 201. Let o be d(32). Calculate the greatest common divisor of o and 39.
13
Suppose 0 = 3*n - 9 - 3. Suppose 8*t - n*t = 4. What is the greatest common divisor of t and 9?
1
Let w = -123 - -147. Calculate the highest common divisor of 9 and w.
3
Suppose -i = j + 3 - 15, -3*i + 2*j = -56. Calculate the greatest common divisor of i and 160.
16
Suppose -2*n - 4*n + 54 = 0. Suppose n*v - 50 = 4*v. Calculate the greatest common factor of 250 and v.
10
Suppose -2*b + 32 = 16. Calculate the highest common divisor of 15 and b.
1
Let v = 165 + -95. Suppose 4*n = 134 + v. Calculate the greatest common factor of n and 17.
17
Let x(o) = -2*o - 3. Let m be x(-7). Suppose 1560 = 23*c - 464. Calculate the highest common divisor of m and c.
11
Let o = 32 + -23. Suppose -10*i + o = -13*i. Let q be i/(-2 + -1)*52. Calculate the greatest common factor of 13 and q.
13
Let c(j) = j**3 - 129*j - 2 + 141*j - 4*j**2 - 2*j**2. Let a be c(6). What is the greatest common divisor of 175 and a?
35
Suppose -3 - 17 = 4*m. Let v be (-9)/m*60/18. Suppose v*i - 4*i - 16 = 0. Calculate the highest common factor of i and 88.
8
Let x be 62 - (1 + (-3)/(-3)). Let a = 357 + -345. Calculate the greatest common factor of a and x.
12
Let v be (-2)/16 + (-726)/(-176). Let p be v/38 + 168/(-152). Let u = 13 + p. What is the greatest common divisor of 12 and u?
12
Let z(g) = 2*g**3 - 25*g**2 + 10*g + 16. Let c be z(12). Let i be (-98)/c - (-2)/(-8). Calculate the highest common divisor of i and 24.
12
Let n be 4 - ((-30)/10 + -5). What is the greatest common factor of 1440 and n?
12
Suppose 4*w - 5 - 15 = 0. Suppose -4*p - i + 48 = 0, -w*i + 12 = p - 3*i. Calculate the highest common divisor of 120 and p.
12
Suppose -87 = 387*y - 390*y. Calculate the greatest common divisor of 725 and y.
29
Let r(v) = -8*v. Let c be r(-2). Let h(q) = q**2 - 10*q - 11. Let m be h(12). Suppose 0 = -m*b + c*b - 396. What is the greatest common divisor of 12 and b?
12
Let j(h) = h**2 + 3*h - 3. Let p be j(2). Let u(m) = -127*m - 3415. Let t be u(-27). What is the greatest common factor of t and p?
7
Suppose 840 = 230*o - 225*o. Calculate the highest common divisor of 72 and o.
24
Let x(g) = 8*g - 37. Let o be x(6). Suppose -3*n + 0*n + 4*d = o, 2*n = -d + 11. What is the greatest common divisor of n and 12?
3
Let u be (-2)/1*-1 + 0. Suppose -5*j + 5*r = -80, 2*j = j + u*r + 17. Let y be (j/4)/((-8)/(-96)). Calculate the greatest common divisor of 15 and y.
15
Let c = -64 + 314. What is the highest common divisor of 150 and c?
50
Let o = 19 + -10. Suppose -r - 2*r = -o. Let x be (-2)/r*(-135)/6. Calculate the highest common divisor of 3 and x.
3
Let j be 2/(5 + -1)*-54*3. Let l be 119/(-28) - -4 - j/4. What is the greatest common factor of 80 and l?
20
Let b be ((-312)/9)/(6/(-45)). What is the highest common factor of b and 20?
20
Suppose 2*i - 20 = -8. Suppose 2*d - 12 = -d. What is the highest common divisor of i and d?
